lse
Is 2 a factor of 32279?
False
Does 266 divide 1411276?
False
Is 821 a factor of 6508067?
True
Does 17 divide 13493184?
False
Is 12924882 a multiple of 18?
True
Does 10 divide 1111400?
True
Is 3 a factor of 484238?
False
Is 18 a factor of 121337?
False
Is 11235 a multiple of 7?
True
Is 3 a factor of 8941?
False
Does 15 divide 15990?
True
Does 28 divide 866488?
True
Is 631 a factor of 420499?
False
Is 515878 a multiple of 11?
True
Does 21 divide 10251507?
True
Is 1435361 a multiple of 179?
False
Does 12 divide 126752?
False
Does 233 divide 13154?
False
Is 11 a factor of 4352414?
True
Does 17 divide 247367?
True
Is 11 a factor of 4932763?
True
Is 611998 a multiple of 151?
False
Is 2466856 a multiple of 1421?
True
Is 107936 a multiple of 32?
True
Is 7537652 a multiple of 881?
False
Does 1048 divide 2359283?
False
Does 128 divide 449838?
False
Is 7211778 a multiple of 899?
True
Does 19 divide 1132940?
False
Does 15 divide 17056293?
False
Is 166 a factor of 245680?
True
Does 22 divide 2004640?
True
Is 2306790 a multiple of 171?
True
Does 6 divide 81801?
False
Is 1166895 a multiple of 9?
True
Is 291226 a multiple of 46?
True
Does 18 divide 187665?
False
Does 162 divide 163027?
False
Does 636 divide 46428?
True
Is 1729448 a multiple of 14?
True
Is 710743 a multiple of 8?
False
Does 1217 divide 16788959?
False
Does 246 divide 405358?
False
Does 942 divide 10022880?
True
Is 5097120 a multiple of 48?
True
Is 718 a factor of 2495777?
False
Is 233110 a multiple of 22?
False
Does 157 divide 3992510?
True
Does 12 divide 236485?
False
Is 16431 a multiple of 175?
False
Is 67 a factor of 833681?
True
Is 5442730 a multiple of 21?
False
Is 50 a factor of 27450?
True
Is 101250 a multiple of 20?
False
Does 14 divide 287825?
False
Is 2482263 a multiple of 31?
True
Does 163 divide 7460999?
True
Is 11 a factor of 721556?
True
Does 10 divide 647323?
False
Is 465 a factor of 2640009?
False
Does 64 divide 18974784?
True
Does 33 divide 6880997?
False
Is 312797 a multiple of 2?
False
Is 162521 a multiple of 491?
True
Is 3 a factor of 97992?
True
Is 128618 a multiple of 95?
False
Is 1954601 a multiple of 34?
False
Does 102 divide 1394952?
True
Does 23 divide 16615941?
False
Is 5156736 a multiple of 64?
True
Does 12 divide 175908?
True
Is 274 a factor of 32880?
True
Does 17 divide 963024?
False
Does 225 divide 31500?
True
Is 28 a factor of 18228?
True
Does 38 divide 549670?
True
Does 9 divide 14998?
False
Does 62 divide 26510?
False
Is 5076324 a multiple of 396?
True
Does 76 divide 664620?
True
Is 3 a factor of 400962?
True
Does 79 divide 441531?
True
Is 62550 a multiple of 278?
True
Does 278 divide 294680?
True
Is 208980 a multiple of 645?
True
Does 27 divide 3384034?
False
Does 260 divide 1521406?
False
Does 6 divide 2819702?
False
Does 6 divide 147156?
True
Is 31 a factor of 7502310?
True
Is 23877 a multiple of 2?
False
Is 1146802 a multiple of 41?
False
Is 12027268 a multiple of 82?
True
Is 4004871 a multiple of 13?
True
Does 16 divide 805280?
True
Does 73 divide 8246914?
False
Is 47 a factor of 174887?
True
Is 647681 a multiple of 229?
False
Is 1329856 a multiple of 704?
True
Is 4762561 a multiple of 67?
True
Is 8 a factor of 1194992?
True
Is 144 a factor of 4190992?
False
Is 840 a factor of 3301905?
False
Does 424 divide 575792?
True
Is 266832 a multiple of 51?
True
Is 133350 a multiple of 25?
True
Is 46 a factor of 486542?
True
Does 156 divide 2355132?
True
Is 44781 a multiple of 177?
True
Does 158 divide 2006126?
True
Is 345 a factor of 1174035?
True
Is 132 a factor of 1135991?
False
Is 2 a factor of 3435?
False
Is 253350 a multiple of 75?
True
Does 7 divide 42448?
True
Is 9 a factor of 10968?
False
Is 27 a factor of 21927?
False
Does 980 divide 14504211?
False
Is 1124886 a multiple of 343?
False
Is 6401309 a multiple of 410?
False
Does 578 divide 651984?
True
Is 25290 a multiple of 90?
True
Does 524 divide 471585?
False
Is 8 a factor of 7792?
True
Is 111000 a multiple of 75?
True
Does 545 divide 3748548?
False
Is 9 a factor of 194463?
True
Does 221 divide 18141227?
True
Is 66599 a multiple of 30?
False
Is 7 a factor of 166946?
False
Is 313 a factor of 1173674?
False
Is 936433 a multiple of 37?
True
Is 38 a factor of 2462531?
False
Is 40 a factor of 695214?
False
Is 8236692 a multiple of 1793?
False
Is 242 a factor of 905322?
True
Is 74250 a multiple of 450?
True
Is 67 a factor of 90718?
True
Is 2456160 a multiple of 344?
True
Is 298508 a multiple of 49?
True
Does 104 divide 1764498?
False
Is 53937 a multiple of 288?
False
Is 27605658 a multiple of 1776?
False
Is 114984 a multiple of 6?
True
Is 1234 a factor of 328244?
True
Does 232 divide 2950518?
False
Does 27 divide 10935?
True
Does 338 divide 7386435?
False
Is 170 a factor of 131240?
True
Is 23 a factor of 202147?
True
Does 120 divide 298284?
False
Does 3 divide 77775?
True
Does 112 divide 42340?
False
Does 99 divide 3728340?
True
Is 738870 a multiple of 22?
True
Is 594 a factor of 2068308?
True
Is 3 a factor of 316749?
True
Does 68 divide 640968?
True
Does 14 divide 871139?
False
Is 53 a factor of 24486?
True
Is 58405 a multiple of 11?
False
Does 204 divide 834504?
False
Does 50 divide 591300?
True
Does 6 divide 340314?
True
Is 2557440 a multiple of 1152?
True
Does 6 divide 1216879?
False
Is 1746000 a multiple of 25?
True
Is 7 a factor of 3088379?
True
Is 37 a factor of 1179190?
True
Does 409 divide 259849?
False
Is 62432 a multiple of 48?
False
Does 20 divide 92077?
False
Is 2 a factor of 581944?
True
Is 16 a factor of 2140656?
True
Is 244890 a multiple of 27?
True
Is 691 a factor of 1903196?
False
Is 39 a factor of 626184?
True
Is 2155783 a multiple of 22?
False
Does 203 divide 150017?
True
Is 18481 even?
False
Is 20201 a multiple of 195?
False
Does 33 divide 249429?
False
Is 15 a factor of 862515?
True
Does 247 divide 2185703?
True
Is 12 a factor of 1666435?
False
Is 1613394 a multiple of 9?
True
Is 68 a factor of 276420?
True
Is 9 a factor of 19473?
False
Does 10 divide 798704?
False
Does 5 divide 77490?
True
Is 17 a factor of 4632951?
False
Is 218351 a multiple of 7?
True
Does 1534 divide 2857107?
False
Is 7289 a multiple of 7?
False
Does 2574 divide 8916336?
True
Does 4 divide 977228?
True
Is 113 a factor of 1649826?
False
Does 228 divide 986100?
True
Is 196178 a multiple of 4?
False
Is 258 a factor of 2254662?
True
Is 10747249 a multiple of 373?
True
Does 694 divide 388640?
True
Is 854059 a multiple of 53?
False
Does 141 divide 401811?
False
Does 894 divide 524916?
False
Does 24 divide 534650?
False
Is 123247 a multiple of 37?
True
Does 2 divide 26876?
True
Does 56 divide 3682036?
False
Is 401 a factor of 6012193?
True
Is 8 a factor of 13897372?
False
Is 8 a factor of 256896?
True
Does 13 divide 24755042?
True
Does 108 divide 456937?
False
Is 3639168 a multiple of 96?
True
Is 3448863 a multiple of 635?
False
Is 318816 a multiple of 123?
True
Does 18 divide 655006?
False
Is 31 a factor of 356562?
True
Is 4035482 a multiple of 11?
True
Is 134 a factor of 303510?
True
Is 975521 a multiple of 158?
False
Is 36 a factor of 760680?
True
Does 736 divide 27073949?
False
Does 180 divide 10302?
False
Is 837777 a multiple of 17?
True
Does 3 divide 223227?
True
Is 24095 a multiple of 3?
False
Is 4 a factor of 61308?
True
Is 4002504 a multiple of 8?
True
Is 24495 a multiple of 69?
True
Is 2197808 a multiple of 8?
True
Does 3 divide 44552?
False
Is 10 a factor of 214392?
False
Is 13985 a multiple of 450?
False
Is 628 a factor of 2719240?
True
Is 499065 a multiple of 13?
False
Does 55 divide 41315395?
True
Is 70 a factor of 4735010?
True
Is 8400656 a multiple of 11?
True
Is 121 a factor of 336639?
False
Is 59224 a multiple of 8?
True
Is 47 a factor of 699266?
True
Is 660080 a multiple of 37?
True
Is 710963 a multiple of 11?
True
Is 562156 a multiple of 17?
True
Is 174 a factor of 1016818?
False
Is 7 a factor of 7565391?
False
Is 1775664 a multiple of 33?
True
Is 191139 a multiple of 169?
True
Is 51835 a multiple of 20?
False
Does 10 divide 3131077?
False
Does 25 divide 20200?
True
Is 344 a factor of 87615?
False
Is 6509199 a multiple of 53?
False
Is 42 a factor of 81564?
True
Is 45 a factor of 2473920?
True
Does 19 divide 243509?
False
Is 34272 a multiple of 16?
True
Does 14 divide 3095904?
True
Is 1450573 even?